01 + -11100101110?
1000101111
In base 14, what is 7c3 + -5c5?
1dc
In base 2, what is 10010010111010 + -1010100?
10010001100110
In base 14, what is d - -229?
238
In base 5, what is 41 - 121432?
-121341
In base 7, what is 2 - 2105455?
-2105453
In base 10, what is 7 + -47211?
-47204
In base 16, what is 435a - 3a?
4320
In base 10, what is 9 - 27?
-18
In base 2, what is -1001000 - -10001000111?
1111111111
In base 15, what is -23b3 + -1?
-23b4
In base 9, what is -4805 - 0?
-4805
In base 15, what is 2834 + -e3?
2741
In base 4, what is 11131 - 1322322?
-1311131
In base 9, what is 115 - -4035?
4151
In base 14, what is 5 - -3108?
310d
In base 2, what is -110101101110011 - 101000?
-110101110011011
In base 15, what is -53d - 45b?
-999
In base 5, what is -24411 - -40?
-24321
In base 9, what is -14 - -7271?
7256
In base 2, what is -100110111 + -1101010?
-110100001
In base 15, what is 4 - -ab4a?
ab4e
In base 7, what is 1553326 - 3?
1553323
In base 11, what is 6354 - 15?
633a
In base 3, what is -111200201 + 121?
-111200010
In base 7, what is 3432 - -35?
3500
In base 9, what is -4376345 + -5?
-4376351
In base 15, what is 3 + -2a6e4?
-2a6e1
In base 11, what is -a - 2a190?
-2a19a
In base 2, what is -110011011100 - -100?
-110011011000
In base 9, what is 122617 + -5?
122612
In base 4, what is 0 + -1032113?
-1032113
In base 15, what is 0 + 66c?
66c
In base 13, what is -10 - -48a3b?
48a2b
In base 4, what is 1022012 + 11?
1022023
In base 4, what is -1022 - 2003?
-3031
In base 11, what is -11a58 - -60?
-119a8
In base 11, what is 2 - -55813?
55815
In base 11, what is -3 + 9508?
9505
In base 5, what is 443113 - 1?
443112
In base 12, what is -5 + 1923a5?
1923a0
In base 3, what is 0 + -2020212022?
-2020212022
In base 13, what is 198a - 11?
1979
In base 14, what is 22 + 390d1?
39113
In base 16, what is 55545 + -1?
55544
In base 8, what is -1 - 21630?
-21631
In base 8, what is -1000 + 255?
-523
In base 4, what is -11 + 3213121233?
3213121222
In base 16, what is -1f9 + 3a?
-1bf
In base 15, what is -1db - -190?
-4b
In base 14, what is 2d9 - 1385?
-108a
In base 8, what is 1473 - 51?
1422
In base 9, what is -5 + 2600513?
2600507
In base 11, what is -24849 + 0?
-24849
In base 6, what is 13420 - 13?
13403
In base 7, what is 2561315 + -4?
2561311
In base 13, what is -19 - -2288?
226c
In base 3, what is -10 - -10212200002?
10212122222
In base 15, what is -16 + 8a4?
88d
In base 3, what is 2222020211 - 10?
2222020201
In base 8, what is 1047615 + 3?
1047620
In base 11, what is -43 + 97?
54
In base 12, what is -30 + -72?
-a2
In base 14, what is -b + -c3?
-d0
In base 5, what is -13014 + -21202?
-34221
In base 7, what is -111 + 63200?
63056
In base 2, what is 1000011011 + 11001100?
1011100111
In base 14, what is 5245 + -17?
522c
In base 11, what is -4 - -205755?
205751
In base 5, what is 41041 - 21?
41020
In base 4, what is 0 - -1123310302?
1123310302
In base 9, what is 30 - -303?
333
In base 9, what is 12 + -6141?
-6128
In base 5, what is 114122 + 34?
114211
In base 8, what is 3602 + 155?
3757
In base 15, what is -6 - 6a05?
-6a0b
In base 2, what is -1100011100011 - -11?
-1100011100000
In base 6, what is 4 + -54033?
-54025
In base 4, what is -13131 - 2213?
-22010
In base 10, what is -8 - -64071?
64063
In base 10, what is 2 + -7737?
-7735
In base 11, what is -166 + 145a2?
14437
In base 8, what is -307 - 27?
-336
In base 8, what is 3 - -67314?
67317
In base 9, what is -11 - -170064?
170053
In base 13, what is -25891 + 11?
-25880
In base 10, what is 38050 - -3?
38053
In base 8, what is 1656 + 51?
1727
In base 7, what is -4 + -3113020?
-3113024
In base 9, what is 20375 - 1?
20374
In base 6, what is -330040 + -2?
-330042
In base 4, what is -1000210110 + -1?
-1000210111
In base 9, what is 3 + 1738?
1742
In base 15, what is 75a + 98?
803
In base 9, what is 0 + 155260?
155260
In base 9, what is 0 - 18178?
-18178
In base 2, what is 1000011101010 - 10000?
1000011011010
In base 7, what is 504 - -32300?
33104
In base 6, what is 213 + -53052?
-52435
In base 15, what is 28 + e?
37
In base 4, what is 303 + -100310?
-100001
In base 15, what is 68 - 52?
16
In base 11, what is 680 - 99?
592
In base 3, what is 20 + -1210010100?
-1210010010
In base 16, what is -21 + -1114?
-1135
In base 9, what is -2 - 3055?
-3057
In base 8, what is -2777 - -263?
-2514
In base 9, what is -4 - -26738?
26734
In base 14, what is -4 + 6a34?
6a30
In base 14, what is -69c + c0?
-5bc
In base 6, what is 53440 + -2?
53434
In base 10, what is -27075 + -5?
-27080
In base 12, what is -1b - 2448?
-2467
In base 15, what is 56756 - 3?
56753
In base 16, what is -44 - -80f?
7cb
In base 15, what is -2aa + a17?
75c
In base 15, what is e81 + 22?
ea3
In base 14, what is -3394d + 5?
-33948
In base 15, what is 49a8 + -5?
49a3
In base 15, what is -4 - 80279?
-8027d
In base 2, what is -11010000 - -10010001011?
1110111011
In base 15, what is -4351 - a?
-435b
In base 2, what is -1011100101100111101 + -101?
-1011100101101000010
In base 7, what is -61 - 113?
-204
In base 15, what is 6562 - -5?
6567
In base 8, what is -1 - -6100562?
6100561
In base 14, what is 5d067 - 1?
5d066
In base 15, what is -d4 + -338?
-41c
In base 10, what is 2 + 51759?
51761
In base 3, what is 12100020 + 20?
12100110
In base 16, what is 25 + 21?
46
In base 14, what is -b9 - -a45?
96a
In base 11, what is 17074 + -4?
17070
In base 2, what is -100000000010101 - -110?
-100000000001111
In base 2, what is -1 - -1000000001?
1000000000
In base 2, what is -1010100000001110 - -1011?
-1010100000000011
In base 4, what is 3 + 10001022?
10001031
In base 2, what is 1100010011110011 + 11?
1100010011110110
In base 12, what is 1b3 - -23?
216
In base 2, what is 10011101000 - -101?
10011101101
In base 3, what is -1221 + 101112121?
101110200
In base 12, what is -2 - -199906?
199904
In base 5, what is -23 + 4403?
4330
In base 9, what is -13553 - -41?
-13512
In base 2, what is 101100 - 11101100010?
-11100110110
In base 11, what is -4 - -54a8?
54a4
In base 12, what is -693 + 4aa4?
4411
In base 13, what is 0 - a691?
-a691
In base 13, what is 4 + b0b3?
b0b7
In base 5, what is -2010 + 14312?
12302
In base 9, what is -171 - 1403?
-1574
In base 2, what is 10000101101 - 1000110?
1111100111
In base 13, what is 5 - -77571?
77576
In base 10, what is 526761 + 1?
526762
In base 14, what is -277 + 88?
-1cd
In base 11, what is 903 + -a3?
810
In base 5, what is -140 - -2031?
1341
In base 8, what is 5 - -144452?
144457
In base 5, what is -113403441 - 1?
-113403442
In base 14, what is 140 - -134a?
148a
In base 15, what is 7c - -a9d?
b2a
In base 14, what is -1197 - cb?
-1284
In base 7, what is 261623 + 1?
261624
In base 3, what is 1222 - 101101221?
-101022222
In base 3, what is -11120002 + 1112?
-11111120
In base 10, what is 2809803 + 0?
2809803
In base 11, what is -29 + -2a11?
-2a3a
In base 4, what is 1303 - -121120?
123023
In base 13, what is -4 + -24b265?
-24b269
In base 9, what is 17378 + 7?
17386
In base 9, what is -3 + 602215?
602212
In base 4, what is -1021 - -100031?
33010
In base 15, what is -748 - 104?
-84c
In base 13, what is 833c + 5a?
8399
In base 13, what is 2 - -289302?
289304
In base 7, what is -4 + 34305?
34301
In base 10, what is 4075 - 134?
3941
In base 3, what is 1010112 - 221?
1002121
In base 12, what is -3 - -b768b?
b7688
In base 14, what is 5 - -24ca?
24d1
In base 7, what is -103 - 211465?
-211601
In base 7, what is 3 + -13452413?
-13452410
In base 16, what is -8878 + 5?
-8873
In base 8, what is -2172113 + 1?
-2172112
In base 11, what is -605885 + -4?
-605889
In base 4, what is -2 - -2130023?
2130021
In base 7, what is 4 - 45164?
-45160
In base 5, what is -11122014 - -3?
-11122011
In base 4, what is -11230 - -213?
-11011
In base 11, what is 1347 + -728?
71a
In base 12, what is -4 - -2297?
2293
In base 11, what is -24 - -1052?
1029
In base 7, what is 143 + -10001?
-6525
In base 3, what is 1212112 - 112001?
1100111
In base 6, what is -22055443 - 0?
-22055443
In base 3, what is -10 + -1001220120?
-1001220200
In base 4, what is 330101301 + -1?
330101300
In base 12, what is 12 - -3769?
377b
In base 12, what is -1230a + -3?
-12311
In base 16, what is -674b + -36?
-6781
In base 16, what is 5 + -323e?
-3239
In base 12, what is -90b - -9?
-902
In base 14, what is 1 + -4b86?
-4b85
In base 5, what is -